{"id":99,"date":"2018-05-21T16:26:09","date_gmt":"2018-05-21T14:26:09","guid":{"rendered":"https:\/\/www.designproduction.fr\/infos\/?page_id=99"},"modified":"2018-05-21T16:34:12","modified_gmt":"2018-05-21T14:34:12","slug":"normes-garde-corps","status":"publish","type":"page","link":"https:\/\/www.designproduction.fr\/infos\/normes-garde-corps\/","title":{"rendered":"Normes Garde-Corps"},"content":{"rendered":"<p>[et_pb_section bb_built=\u00a0\u00bb1&Prime;][et_pb_row][et_pb_column type=\u00a0\u00bb4_4&Prime;][et_pb_text]<\/p>\n<div>\n<table class=\"fond-contenu\" border=\"0\" width=\"100%\" cellspacing=\"0\" cellpadding=\"0\" align=\"center\">\n<tbody>\n<tr>\n<td class=\"FilAriane\" colspan=\"1\">\n<h1 class=\"titre-page\">Norme pour Garde-corps : Comprendre en quelques instants les normes fran\u00e7aise<\/h1>\n<\/td>\n<\/tr>\n<\/tbody>\n<\/table>\n<p align=\"left\"><strong>NORME GARDE-CORPS<\/strong> &#8211; DONN\u00c9ES \u00c0 TITRE INDICATIF<\/p>\n<p align=\"left\">LES RAMBARDES ET RAMPES D&rsquo;ESCALIERS SONT SOUMISES \u00c0 DES NORMES DONT VOICI LES PRINCIPALES LIGNES POUR VOUS AIDER \u00c0 CONCEVOIR LEURS R\u00c9ALISATIONS TOUT EN RESPECTANT LA L\u00c9GISLATION. Retrouvez tous nos produits aux normes pour concevoir votre <a title=\"Garde-corps Inox - 60173\" href=\"https:\/\/www.designproduction.fr\/garde-corps-inox\/\">garde-corps inox<\/a>.<\/p>\n<\/div>\n<h2>D\u00c9FINITION DE LA NORME GARDE CORPS<\/h2>\n<p>Ensemble d&rsquo;\u00e9l\u00e9ments formant une barri\u00e8re destin\u00e9e \u00e0 prot\u00e9ger les personnes du risque de chute et \u00e0 retenir les objets.<\/p>\n<h2>NORMES DIMENSIONNELLES DE VOTRE RAMBARDE<\/h2>\n<p>Dans tous les cas il faut tenir compte, pour la r\u00e9alisation d&rsquo;une rambarde, de la zone de s\u00e9curit\u00e9, situ\u00e9e entre le sol et une hauteur de 45 cm.<\/p>\n<p align=\"left\"><strong>Hauteur d&rsquo;une rambarde:<\/strong><\/p>\n<p>Dans un b\u00e2timent d&rsquo;habitation, aux \u00e9tages autres que le rez-de-chauss\u00e9e:<\/p>\n<ul>\n<li>Les gardes-fous des balcons, terrasses, galeries ou loggias doivent avoir une hauteur de 1.00 m minimum.<\/li>\n<li>Un garde-fous doit \u00eatre install\u00e9 sur une terrasse ext\u00e9rieure dont la hauteur \u00e0 compter du sol naturel est de 50 cm et plus.<\/li>\n<\/ul>\n<p align=\"left\"><strong>Sp\u00e9cificit\u00e9s concernant les escaliers:<\/strong><\/p>\n<ul>\n<li>Dans un escalier, la hauteur entre le nez de marche et la main courante est de 90 cm minimum.<\/li>\n<li>Pour les escaliers sans limon (voir croquis 1), le vide entre le nez de marche et la lisse basse ou le panneau doit \u00eatre de 5 cm maximum, mesur\u00e9 perpendiculairement au rampant de la vol\u00e9e.<\/li>\n<li>Pour les escaliers avec limon (voir croquis 2), le vide mesur\u00e9 perpendiculairement au limon, entre celui-ci et la premi\u00e8re lisse ou panneau, doit \u00eatre de 18 cm maximum.<\/li>\n<\/ul>\n<p align=\"left\"><strong>Les diff\u00e9rents remplissages:<\/strong><\/p>\n<p align=\"left\"><strong>Lisses horizontales en barres rigides:<\/strong><\/p>\n<ul>\n<li>Depuis le sol jusqu&rsquo;\u00e0 une hauteur de 45 cm (zone de s\u00e9curit\u00e9), les espacements entre les lisses doivent \u00eatre de 11 cm maximum.<\/li>\n<li>Au-del\u00e0 des 45 cm, les espacements entre les lisses doivent \u00eatre de 18 cm maximum.<\/li>\n<\/ul>\n<p>Note: dans le cas d&rsquo;un barreaudage rigide en remplissage de la partie entre le sol et 45 cm de hauteur (zone de s\u00e9curit\u00e9), la main courante doit \u00eatre d\u00e9cal\u00e9e d&rsquo;au moins 13 cm vers l&rsquo;int\u00e9rieur de la zone de circulation.<\/p>\n<p align=\"left\"><strong>Lisses horizontales en c\u00e2bles:<\/strong><\/p>\n<ul>\n<li>Les c\u00e2bles sont proscrits dans la zone de s\u00e9curit\u00e9, soit depuis le sol jusqu&rsquo;\u00e0 une hauteur de 45 cm.<\/li>\n<li>Au-del\u00e0 des 45 cm, les espacements entre les c\u00e2bles doivent \u00eatre de 14,5 cm maximum.<\/li>\n<\/ul>\n<p align=\"left\"><strong>Bareaudage vertical:<\/strong><\/p>\n<ul>\n<li>Les espacements entre les lisses verticales doivent \u00eatre de 11 cm maximum.<\/li>\n<\/ul>\n<p align=\"left\"><strong>Panneaux de verre:<\/strong><\/p>\n<ul>\n<li>Il est couramment utilis\u00e9 du verre feuillet\u00e9 4\/4\/2, \u00e9paisseur 8,76mm.<\/li>\n<\/ul>\n<h2>D\u00c9CLARATION DE TRAVAUX POUR LA POSE D&rsquo;UNE BALUSTRADE<\/h2>\n<p>Une d\u00e9claration de travaux est n\u00e9cessaire lorsque l&rsquo;on ajoute un garde-fou en fa\u00e7ade ou que l&rsquo;on change un garde-fou pr\u00e9c\u00e9demment install\u00e9.<\/p>\n<h2>R\u00c9GLEMENTATION CONCERNANT VOTRE GARDE-CORPS<\/h2>\n<p>Pour les b\u00e2timents publics et b\u00e2timents d&rsquo;habitation, deux normes sont en vigueur:<\/p>\n<ul>\n<li><strong>NF P01-012 (juillet 1988)<\/strong>: Dimensions des garde-corps &#8211; R\u00e8gles de s\u00e9curit\u00e9 relatives aux dimensions des gardes-fous et rampes d&rsquo;escalier.<\/li>\n<li><strong>NF P01-013 (ao\u00fbt 1988)<\/strong>: Essais des gardes-corps &#8211; M\u00e9thodes et crit\u00e8res.<\/li>\n<\/ul>\n<p>Les normes NF P01-012, NF P01-013 concernent les garde-corps de b\u00e2timent de caract\u00e8re d\u00e9finitif rencontr\u00e9s dans les b\u00e2timents:<\/p>\n<ul>\n<li>d&rsquo;habitation, de bureaux, commerciaux, scolaires, industriels et<\/li>\n<\/ul>\n<p>agricoles (pour les locaux o\u00f9 le public a acc\u00e8s)<\/p>\n<ul>\n<li>les autres \u00e9tablissements recevant du public, ainsi qu&rsquo;aux abords<\/li>\n<\/ul>\n<p>de ces b\u00e2timents.<\/p>\n<p>Si vous avez besoins de renseignements compl\u00e9mentaires pour d\u00e9terminer les plans de vos futurs gardes-corps, rambardes ou rampes d&rsquo;escaliers, contactez-nous afin d&rsquo;\u00e9tudier la configuration ad\u00e9quate.<\/p>\n<p>[\/et_pb_text][\/et_pb_column][\/et_pb_row][\/et_pb_section]<\/p>\n","protected":false},"excerpt":{"rendered":"<p><div class=\"et_pb_row et_pb_row_0 et_pb_row_empty\">\n\t\t\t\t\n\t\t\t\t\n\t\t\t\t\n\t\t\t\t\n\t\t\t\t\n\t\t\t<\/div><div class=\"et_pb_module et_pb_text et_pb_text_0  et_pb_text_align_left et_pb_bg_layout_light\">\n\t\t\t\t\n\t\t\t\t\n\t\t\t\t\n\t\t\t\t\n\t\t\t\t\n\t\t\t<\/div> Norme pour Garde-corps : Comprendre en quelques instants les normes fran\u00e7aise NORME GARDE-CORPS &#8211; DONN\u00c9ES \u00c0 TITRE INDICATIF LES RAMBARDES ET RAMPES D&rsquo;ESCALIERS SONT SOUMISES \u00c0 DES NORMES DONT VOICI LES PRINCIPALES LIGNES POUR VOUS AIDER \u00c0 CONCEVOIR LEURS R\u00c9ALISATIONS TOUT EN RESPECTANT LA L\u00c9GISLATION. Retrouvez tous nos produits aux normes pour concevoir votre [&hellip;]<\/p>\n","protected":false},"author":3,"featured_media":0,"parent":0,"menu_order":0,"comment_status":"closed","ping_status":"closed","template":"","meta":{"_et_pb_use_builder":"on","_et_pb_old_content":"<div><table class=\"fond-contenu\" border=\"0\" width=\"100%\" cellspacing=\"0\" cellpadding=\"0\" align=\"center\"><tbody><tr><td class=\"FilAriane\" colspan=\"1\"><h1 class=\"titre-page\">Norme pour Garde-corps : Comprendre en quelques instants les normes fran\u00e7aise<\/h1><\/td><\/tr><\/tbody><\/table><p align=\"left\"><strong>NORME GARDE-CORPS<\/strong> - DONN\u00c9ES \u00c0 TITRE INDICATIF<\/p><p align=\"left\">LES RAMBARDES ET RAMPES D'ESCALIERS SONT SOUMISES \u00c0 DES NORMES DONT VOICI LES PRINCIPALES LIGNES POUR VOUS AIDER \u00c0 CONCEVOIR LEURS R\u00c9ALISATIONS TOUT EN RESPECTANT LA L\u00c9GISLATION. Retrouvez tous nos produits aux normes pour concevoir votre <a title=\"Garde-corps Inox - 60173\" href=\"https:\/\/www.designproduction.fr\/garde-corps-inox\/\">garde-corps inox<\/a>.<\/p><\/div><h2>D\u00c9FINITION DE LA NORME GARDE CORPS<\/h2><p>Ensemble d'\u00e9l\u00e9ments formant une barri\u00e8re destin\u00e9e \u00e0 prot\u00e9ger les personnes du risque de chute et \u00e0 retenir les objets.<\/p><h2>NORMES DIMENSIONNELLES DE VOTRE RAMBARDE<\/h2><p>Dans tous les cas il faut tenir compte, pour la r\u00e9alisation d'une rambarde, de la zone de s\u00e9curit\u00e9, situ\u00e9e entre le sol et une hauteur de 45 cm.<\/p><p align=\"left\"><strong>Hauteur d'une rambarde:<\/strong><\/p><p>Dans un b\u00e2timent d'habitation, aux \u00e9tages autres que le rez-de-chauss\u00e9e:<\/p><ul><li>Les gardes-fous des balcons, terrasses, galeries ou loggias doivent avoir une hauteur de 1.00 m minimum.<\/li><li>Un garde-fous doit \u00eatre install\u00e9 sur une terrasse ext\u00e9rieure dont la hauteur \u00e0 compter du sol naturel est de 50 cm et plus.<\/li><\/ul><p align=\"left\"><strong>Sp\u00e9cificit\u00e9s concernant les escaliers:<\/strong><\/p><ul><li>Dans un escalier, la hauteur entre le nez de marche et la main courante est de 90 cm minimum.<\/li><li>Pour les escaliers sans limon (voir croquis 1), le vide entre le nez de marche et la lisse basse ou le panneau doit \u00eatre de 5 cm maximum, mesur\u00e9 perpendiculairement au rampant de la vol\u00e9e.<\/li><li>Pour les escaliers avec limon (voir croquis 2), le vide mesur\u00e9 perpendiculairement au limon, entre celui-ci et la premi\u00e8re lisse ou panneau, doit \u00eatre de 18 cm maximum.<\/li><\/ul><p align=\"left\"><strong>Les diff\u00e9rents remplissages:<\/strong><\/p><p align=\"left\"><strong>Lisses horizontales en barres rigides:<\/strong><\/p><ul><li>Depuis le sol jusqu'\u00e0 une hauteur de 45 cm (zone de s\u00e9curit\u00e9), les espacements entre les lisses doivent \u00eatre de 11 cm maximum.<\/li><li>Au-del\u00e0 des 45 cm, les espacements entre les lisses doivent \u00eatre de 18 cm maximum.<\/li><\/ul><p>Note: dans le cas d'un barreaudage rigide en remplissage de la partie entre le sol et 45 cm de hauteur (zone de s\u00e9curit\u00e9), la main courante doit \u00eatre d\u00e9cal\u00e9e d'au moins 13 cm vers l'int\u00e9rieur de la zone de circulation.<\/p><p align=\"left\"><strong>Lisses horizontales en c\u00e2bles:<\/strong><\/p><ul><li>Les c\u00e2bles sont proscrits dans la zone de s\u00e9curit\u00e9, soit depuis le sol jusqu'\u00e0 une hauteur de 45 cm.<\/li><li>Au-del\u00e0 des 45 cm, les espacements entre les c\u00e2bles doivent \u00eatre de 14,5 cm maximum.<\/li><\/ul><p align=\"left\"><strong>Bareaudage vertical:<\/strong><\/p><ul><li>Les espacements entre les lisses verticales doivent \u00eatre de 11 cm maximum.<\/li><\/ul><p align=\"left\"><strong>Panneaux de verre:<\/strong><\/p><ul><li>Il est couramment utilis\u00e9 du verre feuillet\u00e9 4\/4\/2, \u00e9paisseur 8,76mm.<\/li><\/ul><h2>D\u00c9CLARATION DE TRAVAUX POUR LA POSE D'UNE BALUSTRADE<\/h2><p>Une d\u00e9claration de travaux est n\u00e9cessaire lorsque l'on ajoute un garde-fou en fa\u00e7ade ou que l'on change un garde-fou pr\u00e9c\u00e9demment install\u00e9.<\/p><h2>R\u00c9GLEMENTATION CONCERNANT VOTRE GARDE-CORPS<\/h2><p>Pour les b\u00e2timents publics et b\u00e2timents d'habitation, deux normes sont en vigueur:<\/p><ul><li><strong>NF P01-012 (juillet 1988)<\/strong>: Dimensions des garde-corps - R\u00e8gles de s\u00e9curit\u00e9 relatives aux dimensions des gardes-fous et rampes d'escalier.<\/li><li><strong>NF P01-013 (ao\u00fbt 1988)<\/strong>: Essais des gardes-corps - M\u00e9thodes et crit\u00e8res.<\/li><\/ul><p>Les normes NF P01-012, NF P01-013 concernent les garde-corps de b\u00e2timent de caract\u00e8re d\u00e9finitif rencontr\u00e9s dans les b\u00e2timents:<\/p><ul><li>d'habitation, de bureaux, commerciaux, scolaires, industriels et<\/li><\/ul><p>agricoles (pour les locaux o\u00f9 le public a acc\u00e8s)<\/p><ul><li>les autres \u00e9tablissements recevant du public, ainsi qu'aux abords<\/li><\/ul><p>de ces b\u00e2timents.<\/p><p>Si vous avez besoins de renseignements compl\u00e9mentaires pour d\u00e9terminer les plans de vos futurs gardes-corps, rambardes ou rampes d'escaliers, contactez-nous afin d'\u00e9tudier la configuration ad\u00e9quate.<\/p>","_et_gb_content_width":"","footnotes":""},"class_list":["post-99","page","type-page","status-publish","hentry"],"_links":{"self":[{"href":"https:\/\/www.designproduction.fr\/infos\/wp-json\/wp\/v2\/pages\/99","targetHints":{"allow":["GET"]}}],"collection":[{"href":"https:\/\/www.designproduction.fr\/infos\/wp-json\/wp\/v2\/pages"}],"about":[{"href":"https:\/\/www.designproduction.fr\/infos\/wp-json\/wp\/v2\/types\/page"}],"author":[{"embeddable":true,"href":"https:\/\/www.designproduction.fr\/infos\/wp-json\/wp\/v2\/users\/3"}],"replies":[{"embeddable":true,"href":"https:\/\/www.designproduction.fr\/infos\/wp-json\/wp\/v2\/comments?post=99"}],"version-history":[{"count":3,"href":"https:\/\/www.designproduction.fr\/infos\/wp-json\/wp\/v2\/pages\/99\/revisions"}],"predecessor-version":[{"id":103,"href":"https:\/\/www.designproduction.fr\/infos\/wp-json\/wp\/v2\/pages\/99\/revisions\/103"}],"wp:attachment":[{"href":"https:\/\/www.designproduction.fr\/infos\/wp-json\/wp\/v2\/media?parent=99"}],"curies":[{"name":"wp","href":"https:\/\/api.w.org\/{rel}","templated":true}]}}